/4). Let c = h - -40. Calculate the remainder when c is divided by 18.
16
Suppose 9 = m - 6. Suppose 6*l - 3*l = 126. Calculate the remainder when l is divided by m.
12
Let u = 144 + -100. Let x = -24 + u. Let y = -6 + x. Calculate the remainder when 41 is divided by y.
13
Let w = 6 - -26. Calculate the remainder when w is divided by 9.
5
Let z(m) be the first derivative of -m**4/4 + 7*m**3/3 - 7*m - 5. What is the remainder when 114 is divided by z(6)?
27
Let k(c) = -c**3 + 11*c**2 + 4*c - 18. Calculate the remainder when 258 is divided by k(11).
24
Let o(x) = 8*x - 46. Calculate the remainder when o(17) is divided by 31.
28
Suppose 0 = -8*g + 7*g + 3. Let f = 32 + -23. What is the remainder when f is divided by g?
0
Let m = 30 + -18. Suppose -3*w = -4*w + m. Calculate the remainder when 47 is divided by w.
11
Let c(a) = 3*a**2 - 8*a - 5. What is the remainder when c(7) is divided by 30?
26
Suppose 2*x - 32 = 2*d, 5*x - 21 - 14 = 2*d. Let h be 1 + (d - (2 - 0)). What is the remainder when 17 is divided by ((-3)/4)/(2/h)?
5
Let p be 2/((-8)/(-14))*-2. Let t = 8 - p. Calculate the remainder when t is divided by 6.
3
Let v(p) = 2*p**3 - 3*p**2 - 2*p - 5. Calculate the remainder when 92 is divided by v(3).
12
Let o(k) = -k**3 + 9*k**2 - 6*k + 3. Let q(s) = -s**2 + 9*s + 11. What is the remainder when o(8) is divided by q(9)?
8
Suppose 13*g + 10 = 18*g. What is the remainder when 2 is divided by g?
0
Suppose 24 = 2*b + 6. What is the remainder when 33 is divided by b?
6
Let l = 5 + -3. Let o be 2 - 0*l/4. Suppose 4 = m - d + 6*d, 5*d + 23 = o*m. Calculate the remainder when 25 is divided by m.
7
Suppose 2*u + 62 = 4*x, 5*u - 8 = -3*x + 19. Suppose 6*o = 4*o + x. Calculate the remainder when 25 is divided by o.
4
Let r = 7 + -12. Let w = 5 - -6. Calculate the remainder when w is divided by (-2 - r)*(0 + 1).
2
Let t = 216 - 153. Let p = 3 - 0. Suppose 5*d - p = n, -4*n - d - 4*d + t = 0. Calculate the remainder when n is divided by 7.
5
Let n(p) = -p**3 - 5*p**2 - p - 2. Let z be n(-5). Suppose 7 + z = 5*m. Suppose -m*o + 3 = -29. What is the remainder when 29 is divided by o?
13
Let p = -5 - -17. Calculate the remainder when (6*(-45)/24)/(3/(-12)) is divided by p.
9
Let v(r) = r**2 + 4*r. Let k be v(-6). What is the remainder when 34 is divided by (k/(-9))/((-4)/54)?
16
Suppose -2 = -2*t - 0. Calculate the remainder when (-12)/(-5) - (-4)/(-10) is divided by t.
0
Let u be ((-8)/(-16))/((-2)/(-44)). Suppose 0 = p - u + 5. What is the remainder when 9 is divided by p?
3
Let y be (-4 - 2)/(1 - 0). Let a(m) = 2*m**2 + 9*m. What is the remainder when 34 is divided by a(y)?
16
Suppose 3*i + 3*a + 54 = 0, -34 = 2*i - 2*a - 14. Let z be (-2)/7 - (-66)/i. What is the remainder when (-27)/z - (-8)/(-20) is divided by 3?
2
Let q be (0/1 - 1)*-12. Let p(x) = -x**3 + 11*x**2 + 15*x - 14. Calculate the remainder when 86 is divided by p(q).
20
Let l(b) = 3*b**2 + 2*b + 2. Let v(s) = s**2 - 2 + 2 + s - 1. Let m(g) = -l(g) + 4*v(g). What is the remainder when m(-5) is divided by 5?
4
Suppose -38 = -2*a + 2*g - 8, -3*a = -2*g - 45. What is the remainder when a is divided by 4?
3
Suppose -81 = -x - 0*s + s, 12 = -3*s. Suppose 4*h = -6*a + a + 92, 5*a - h = x. Calculate the remainder when a is divided by 6.
4
Suppose -11 = -4*c - 3. Suppose 2*j - 16 = -c*f, 3*j = -f - f + 24. Calculate the remainder when j is divided by 5.
3
Suppose -5*k = 11 - 206. Let w = k + -28. What is the remainder when 41 is divided by w?
8
Let r(s) = 3*s**2 - 2*s - 1. Let d be r(-1). Suppose 22 = 4*y - 2*f, -5*f - 11 - 2 = d*y. What is the remainder when 8 is divided by y?
2
Let j = -59 + 123. What is the remainder when j is divided by 22?
20
Let p = -2 - -4. Suppose 4*a = k - 63, 93 = p*k + 3*a - 66. Calculate the remainder when k is divided by 19.
18
What is the remainder when 4 is divided by 21/(-14)*4/(-6)?
0
Let r(y) = -y + 12. Suppose n = q - 5, 3*q + 5*n = 4*q + 11. Let t(z) = -z**3 - 2*z**2 + 2*z + 1. What is the remainder when t(-3) is divided by r(q)?
1
Let t = 1 - 0. Let a = t - 3. What is the remainder when 61 is divided by (6/(-1))/a*7?
19
Suppose -3*c + 0*c + 5*n + 76 = 0, 2*c - 4*n - 48 = 0. What is the remainder when c is divided by 11?
10
Let a(g) = g**3 + 5*g**2 - 6*g + 7. Calculate the remainder when a(-5) is divided by 13.
11
Suppose -2*b = -5*b + 42. Calculate the remainder when 318/b - (-2)/7 is divided by ((-1)/2)/(2/(-48)).
11
Let o = -6 + 11. Suppose 0 = -3*b - o*w - 9, 4*w + 3 = -3*b - 3. What is the remainder when 7 is divided by b?
1
Let j(n) = -2*n**2 - 6*n**2 - 4*n + 7*n**2 + 2*n**3 - 6 - 3*n**3. What is the remainder when 45 is divided by j(-3)?
21
Suppose 13*w - 12 = 16*w. Let k = w - -26. What is the remainder when 41 is divided by k?
19
Suppose -2*y - 2*y + 5*l + 138 = 0, -26 = -y - 3*l. What is the remainder when y is divided by 7?
4
Let c(j) = -j + 15*j - 7*j + 12*j. Let i be c(3). Suppose -4*n = 0, -2*v + n = -5*v + i. What is the remainder when 56 is divided by v?
18
Let g(y) = 8 - 9*y + 13 - y**2 - 9. What is the remainder when 34 is divided by g(-9)?
10
Let a(p) = 10*p - 8. Let r be a(6). Suppose 2*s - 54 = -3*b, -3*b - s + 2 = -r. Calculate the remainder when 53 is divided by b.
17
Suppose -4*r + 3*l + 67 = 0, 0*r + 81 = 5*r - l. Calculate the remainder when 46 is divided by r.
14
Suppose -79 = -5*r - 4. Suppose 2*i + 2*j = 3*i - r, j = 2*i - 21. What is the remainder when i is divided by 4?
1
What is the remainder when 43 is divided by 1*-1 - (5 + -21)?
13
Suppose -69*i + 26 = -67*i. What is the remainder when 115 is divided by i?
11
Let h(x) = -x**3 - 9*x**2 - 4*x - 20. What is the remainder when 31 is divided by h(-9)?
15
Let l(y) = y**2 + 1. Let o be (18/15)/((-6)/(-20)). Suppose -s = -6*s + 20, 4*g - o*s = 40. What is the remainder when g is divided by l(-2)?
4
Suppose 4*s = 16, -4*f + 8*f + 5*s - 68 = 0. What is the remainder when 22 is divided by f?
10
Let w = 20 + -16. Suppose 3*s + 13 = w*s. Suppose 4*m + 27 = 231. Calculate the remainder when m is divided by s.
12
Suppose 0 = g - 1, -3*g = 8*l - 6*l - 35. What is the remainder when 59 is divided by l?
11
Suppose -3*j = 12, -j - 100 = 5*u + 24. What is the remainder when 1 - 1 - u/8 is divided by 3?
0
Let d(f) = -6*f + 5. Calculate the remainder when 47 is divided by d(-2).
13
Let d = -1 - -5. Let t(z) = z**3 + z**2 - z + 1. Suppose 1 = 5*w - 9. Calculate the remainder when t(w) is divided by d.
3
Let b = 9 - 4. Let h = 86 - 50. Suppose -4*n + h = -0*n. What is the remainder when n is divided by b?
4
Let s be 2/(-10) - 16/(-5). Suppose s*v - 6*l + 3*l - 51 = 0, -10 = 5*l. Let w = -33 - -62. What is the remainder when w is divided by v?
14
Suppose 5*i = -4*b + 82, 2*i - 2*b + 20 = 3*i. Calculate the remainder when 26 is divided by i.
12
Let t(i) = i**2 - 8*i - 7. Let w be t(9). What is the remainder when w/9 + 1250/45 is divided by 15?
13
Let i = 160 - 14. Calculate the remainder when i is divided by 30.
26
Suppose 0 = 4*s - 169 - 131. Let i = 4 - 3. What is the remainder when s is divided by (-1)/(i/19*-1)?
18
Suppose 4*t - 5*t + 5 = 0. Calculate the remainder when 18 is divided by t.
3
Let n(a) = 0*a**2 - 2*a - 1 - 2 - 3*a**2 + a**3. Calculate the remainder when n(4) is divided by 3.
2
Suppose -2*r + 17 = -2*b - 3*r, -22 = 3*b - 2*r. Calculate the remainder when (-2)/b + 81/12 is divided by 4.
3
Let n(b) = -b**2 - 10*b - 7. Let z be n(-9). Suppose 3*x - z*w - 213 = -0*w, -x + 71 = -w. What is the remainder when x is divided by (-4)/24 + (-145)/(-6)?
23
Let o(g) = -g**2 - 9*g - 8. Let m be o(-8). Let u = 9 + m. Calculate the remainder when (150/(-12))/((-2)/4) is divided by u.
7
Suppose 88 = 4*c - 3*y - 50, 2*y = -4. Calculate the remainder when 98 is divided by c.
32
Let c = 29 - 18. Suppose 5*t = -2*m + 20, 9*t = m + 4*t - 40. Calculate the remainder when m is divided by c.
9
Suppose -3 = -3*b, -m + 4*b + 27 = -89. Suppose -4*d = 2*d - m. What is the remainder when 39 is divided by d?
19
What is the remainder when -1 - -9*(3 - (-2)/(-3)) is divided by 2?
0
Let i = 2 - 5. Let o(u) = u**2 + 2*u + 4. Calculate the remainder when 12 is divided by o(i).
5
Let w = 2 + -2. Suppose -2*v - 2*b = -36, -4*v + 33 = b - 42. What is the remainder when 56*1*(1 - w) is divided by v?
18
Let g(k) = -k**3 